ndreds digit of i?
2
Let u = -10167 - -25669. What is the ten thousands digit of u?
1
Let i(r) = -r**3 + 12*r**2 - 4*r + 3. Let v be i(11). Let m = v - -228. What is the tens digit of m?
0
Suppose 0*r - 9*r = -3582. Suppose r = c - 255. What is the units digit of c?
3
Let f(a) = 7 + 2*a**3 + a - 8*a**3 + 5*a**3. Let w be f(5). Let y = w + 209. What is the units digit of y?
6
Let y be (2 + -49 + 0)*-1. Suppose 246 = 3*j + 3*a, -3*j = 5*a + y - 303. Let t = -33 + j. What is the tens digit of t?
4
Let j(f) = -69*f + 1. Let g be j(0). Let z(k) = -k + 64. Let v be z(0). What is the units digit of (4/(v/(-36)))/(g/(-44))?
9
Suppose 35*p - 34*p = h - 3960, -4*h + 15875 = 3*p. What is the hundreds digit of h?
9
Suppose -387 - 3949 = -4*s. Let i = s + 398. What is the tens digit of i?
8
Suppose 3*t = -2*n - 0*n - 23, 3*n - 3*t - 3 = 0. Let j(r) be the second derivative of -17*r**3/3 + 10*r**2 - r. What is the units digit of j(n)?
6
Suppose -371 + 10556 = -7*u. What is the hundreds digit of (2 + 42/(-18))*u?
4
Suppose 3*v + 6*v - 378 = 0. Suppose 0 = -5*j + i + 53, 0 = -4*j - 3*i + 4*i + v. What is the tens digit of j?
1
Let h = -857 - -1382. What is the hundreds digit of h + 3 + -4 - -3 - -2?
5
Suppose 0 = -5*z + 2*g + 34438, -5*z + 23785 = -5*g - 10650. What is the hundreds digit of z?
8
Suppose 8070 = g - 23*h + 18*h, -2*g + 16100 = -2*h. What is the thousands digit of g?
8
Let n(u) = -2*u**3 - 3*u**2 + 4*u + 5. Let i be n(-3). Suppose 0 = 25*x - i*x - 55. Suppose 375 = x*y - 6*y. What is the units digit of y?
5
Let f(i) = 494*i**2 + 559*i + 120. What is the units digit of f(10)?
0
Suppose 0 = 2*y - 4*u + 8, 5*y + 56 = -18*u + 19*u. What is the tens digit of 3 + 357 + (-5 - (y - -3))?
6
Let z(i) = -2*i**3 + 6*i**2 + 9*i + 17. Let h(p) = 3*p**3 - 5*p**2 - 8*p - 17. Let w(k) = -3*h(k) - 4*z(k). What is the hundreds digit of w(-10)?
2
Let c(g) = 83*g**3 + 3*g**2 - g - 1. Let r(d) = 331*d**3 + 12*d**2 - 2*d - 3. Let w(k) = 9*c(k) - 2*r(k). What is the units digit of w(2)?
9
Suppose -3*x = 6*j - 4*j + 46, 62 = -4*x - 2*j. Let n = -19 - x. What is the tens digit of n/2 - 394/(-4)?
9
Let x(z) = z + 1. Suppose 3*i + 3*q - 17 = 4*q, 0 = 4*i - 5*q - 41. Let y(h) = 19*h + 58. Let l(n) = i*x(n) - y(n). What is the hundreds digit of l(-22)?
2
Let n be (-5 + -1)/(16/40). What is the units digit of (-25)/n*(-2 + 23)?
5
Let f(w) = -24*w + 10. Let s be f(-2). Let i(t) = 2*t + 58 - s - 29*t. What is the units digit of i(-6)?
2
Suppose -3*d + 0*d = 5*k + 19, -2*d - 5*k - 21 = 0. What is the tens digit of (618/(-4))/((-5)/d - -2)?
0
Let p(k) = -5854*k - 2650. What is the tens digit of p(-4)?
6
Let f(j) = -j**3 - 6*j**2 + 8*j + 11. Let v be f(-7). What is the tens digit of 196 + (-5)/10*v?
9
Let c(j) = -129*j**2 + 5*j + 6. Let v be c(-5). Let z = -1372 - v. What is the units digit of (z/10)/6*5?
6
Let j(s) = -2*s**2 - 3*s - 400. Let t be j(0). Let l = t + 475. What is the units digit of l?
5
Let t(j) = j**3 + 11*j**2 + 8*j + 24. Suppose -35 = 3*p + 5*x + 5, 4*p - 2*x + 36 = 0. What is the units digit of t(p)?
4
Suppose -10*m - 11 = 89. Suppose a + 9 = h, 3*h + 3 = 2*h + 4*a. Let l = h - m. What is the units digit of l?
3
Let h(f) = -4*f**2 - 68 + 2*f**3 + 145 - 7*f + 0*f**2 - 66. What is the units digit of h(5)?
6
Suppose -8 = 4*i, v + 381*i = 379*i + 13066. What is the thousands digit of v?
3
What is the thousands digit of (126084/(-10))/((-36)/8) - 8/(-60)?
2
Let l = 45320 - 31638. What is the units digit of l?
2
Let d be (3/2)/(-3) + 19/2. Suppose 0 = d*o + o + 80. Let x(b) = -7*b - 23. What is the units digit of x(o)?
3
What is the tens digit of 19/38*(-134652)/(-3)?
4
Let o be (-2)/10 - 145/25. Let j be 3 - 4*(21/o + 1). Suppose -5*i + 4*q + j = -14, i = 4*q - 1. What is the units digit of i?
7
Let a(k) = 9*k**2 - 22*k + 1172. What is the units digit of a(31)?
9
Suppose 34*o - 120 = -6*o. Suppose 2*h - o*v - 1792 = 0, 2*h - 5*v - 1796 = -3*v. What is the tens digit of h?
0
Let h = -20921 + 36498. What is the units digit of h?
7
What is the units digit of ((2 - 1)*49)/((-8)/(-6488))?
9
Suppose 2*m - 5*c + 7028 = 0, -2*c - 10542 = 3*m - 0*c. Let g = m + 5187. What is the hundreds digit of g?
6
Suppose -13940 = 51*d - 68918. What is the tens digit of d?
7
What is the thousands digit of (-9)/(-1) + (-8360)/(-8)?
1
Suppose 31*t = 36*t. Suppose 7*r - 2331 - 1659 = t. What is the units digit of r?
0
Suppose -35 = 29*g - 34*g + 2*l, -5*g - 2*l = -35. Suppose 0 = g*x + 35 - 3724. What is the units digit of x?
7
What is the hundreds digit of 1 + (0 - -1483)/(1/9)?
3
Suppose -3*v = -4*z + 40, 0 = -5*z + 7*v - 10*v + 50. Suppose -11*g + 7*g + 6 = 3*s, 0 = 2*g - 2*s - z. What is the units digit of g?
3
What is the units digit of 1278*(-6 - -5)*38/(-6)?
4
Let q(z) = -480*z + 231 - 55 + 337 + 485*z. What is the hundreds digit of q(0)?
5
Let m(z) = -15*z**3 + 4*z**2 - 16*z - 21. What is the tens digit of m(-7)?
3
Let g(m) = m**3 - 15*m**2 + 20*m - 13. Let s be 4/(-3) - 920/(-60). What is the units digit of g(s)?
1
Suppose -5*q - 3*s + 13044 = 0, -q - 2620 = -2*q + 5*s. What is the hundreds digit of q?
6
What is the thousands digit of (73005/6)/((-69)/(-138))?
4
What is the thousands digit of (-9)/(-24) + 5 + (-269748)/(-32)?
8
Let q be 1/((-226)/(-1122) - (-32)/(-176)). Suppose q*d - 7588 = 44*d. What is the thousands digit of d?
1
Suppose 12 = -3*d + 6*d. Suppose 3*p - d*j + 117 = -j, -p = 4*j + 14. Let y = 62 + p. What is the units digit of y?
8
Suppose -4*h = -3*f - 8945 + 177355, 168438 = 3*f + 3*h. What is the tens digit of f?
4
Let p be 6/(-4)*(-140)/(-45)*-6. Let a be (p/(-49))/((-4)/(-14)*-1). Suppose 13 = n - a*f, 2*n = 3*n - 4*f - 15. What is the tens digit of n?
1
Let l = -13 + 25. Let v(t) = 3*t**2 - 6*t + 28. What is the hundreds digit of v(l)?
3
Let t = -50 - -68. Let c = -19 + t. Let w(q) = 10*q**2 + 9*q + 9. What is the units digit of w(c)?
0
Let h = -430 + 3919. What is the units digit of h?
9
Suppose -6*y = -y + 4*d - 83, 4*y - 5*d = 91. Suppose 26*q = y*q + 28. What is the hundreds digit of 101 - (5 + -10 + q)?
1
Let d be 0 + (30/5 - 1). Suppose 3*x - 2*v = 374, -5*v + 6*v = -d*x + 645. What is the tens digit of x?
2
Let w be 50 + 16 - (1 - 4). Suppose m = -6*u + 7*u - 25, -5*m - w = -3*u. What is the tens digit of u?
2
Let j = -32 - -46. Let l be 4/j - (3 + (-20988)/42). Suppose 5*f - z + 3*z = l, -5*z + 5 = 0. What is the units digit of f?
9
Let z = -498 + 12834. What is the ten thousands digit of z?
1
Suppose -169*h + 119*h + 18518 = -343232. What is the thousands digit of h?
7
Let h(y) = 2*y**2 + 24*y + 4. Let w be h(-12). Suppose -t + 6*t + 587 = 2*a, -1234 = -w*a - 2*t. What is the hundreds digit of a?
3
Let z(x) = 305*x**2 + 78*x + 336. What is the units digit of z(-4)?
4
Let u = -39 - -39. Suppose -13*o - 626 - 453 = u. What is the units digit of o*(-18)/(-6)*-1?
9
Let h = 4293 + -3586. What is the tens digit of h?
0
Suppose -5*z - 14 + 28 = 3*s, -3*z = -s. Suppose -r - 8 = -c - 0*r, 40 = s*c + 5*r. Suppose -832 = -c*a + 938. What is the tens digit of a?
7
Suppose 2*k + 90 = 7*k. Suppose -20*h = -14*h - k. Suppose -76 - 23 = -h*a. What is the tens digit of a?
3
Let h(v) = 1435*v - 1168. What is the ten thousands digit of h(9)?
1
Let u be (-2402 - (-7)/1)/1. Let x = -1113 - u. What is the tens digit of x?
8
Let m = -88 + 97. Suppose -3*j + m + 57 = 0. Suppose -6*f + j*f - 3152 = 0. What is the hundreds digit of f?
1
Let a = -31535 - -58877. What is the thousands digit of a?
7
Suppose 4*g + x - 41 = 0, 0 = -6*g + 3*g - x + 31. What is the tens digit of (42/g - 3)/(12/3880)?
8
Let g be (-3610)/(-25) - (21/15 + -2). Suppose -y - 80 = -0*y. Let s = g + y. What is the units digit of s?
5
Let v(u) = -4*u**3 - 13*u**2 - 4*u + 55. What is the hundreds digit of v(-12)?
1
Suppose 6817 + 125 = 4*l - 5882. What is the thousands digit of l?
3
Suppose -3941153 + 1234395 = -173*k. What is the ten thousands digit of k?
1
Let d = 1902 + -790. Suppose -9*s = -3*q - 7*s + d, -5*q + 3*s + 1855 = 0. What is the tens digit of q?
7
Let a = 45 - 48. Let i be 160/(-5)*(5 + a). Let f = i - -159. What is the tens digit of f?
9
Let f(q) = 23*q**2 + 11*q + 6. Suppose -14*i - 76 = 5*i. What is the units digit of f(i)?
0
Suppose 41*n + 53*n = -14*n + 374112. What is the units digit